ime number?
True
Is 399176227 prime?
False
Is 164226181521 a composite number?
True
Is 42964205254 prime?
False
Is 13360231289 prime?
True
Is 407128063 prime?
True
Is 105785256911 prime?
True
Is 354012179 a composite number?
False
Is 3822345491 a composite number?
False
Is 696201017 prime?
False
Is 122441814017 prime?
True
Is 630375913 composite?
False
Is 63412891 a prime number?
False
Is 7610669407 prime?
False
Is 707514631 a composite number?
True
Is 62200984481 composite?
False
Is 1340624783 prime?
False
Is 9633906553 prime?
False
Is 440521157 prime?
True
Is 27253624787 a prime number?
False
Is 331215613 a prime number?
True
Is 312720313 a prime number?
True
Is 14797602107 a prime number?
True
Is 37045042939 a prime number?
True
Is 7388897917 prime?
True
Is 35804536387 prime?
True
Is 2104624283 composite?
True
Is 1416862663 a composite number?
False
Is 215920763 a composite number?
True
Is 49826367737 prime?
True
Is 65698929529 a prime number?
False
Is 3859159487 prime?
True
Is 3940991687 composite?
False
Is 208303661 a prime number?
False
Is 2742861823 prime?
False
Is 13574126861 a prime number?
False
Is 680337835 prime?
False
Is 244869029 prime?
False
Is 4414092577 a prime number?
True
Is 939387563 a prime number?
True
Is 2120490997 a composite number?
True
Is 17106976609 a prime number?
False
Is 2010988513 a composite number?
False
Is 23128821973 a composite number?
True
Is 44013700867 a prime number?
False
Is 2223307403 prime?
False
Is 3310784023 prime?
False
Is 3980062337 a prime number?
False
Is 5157189839 prime?
True
Is 205796216071 composite?
True
Is 746977745 composite?
True
Is 2787713 a composite number?
True
Is 15763399501 composite?
True
Is 34638517 composite?
True
Is 8469760426 a prime number?
False
Is 438179367 composite?
True
Is 1433804641 prime?
True
Is 1832815003 composite?
True
Is 525576481 composite?
False
Is 12572649301 prime?
True
Is 63061886737 composite?
True
Is 169633649 prime?
True
Is 12248513087 a prime number?
True
Is 441406169 prime?
True
Is 395291033 a composite number?
True
Is 1035011023 composite?
True
Is 8111379613 a prime number?
False
Is 17167173406 a prime number?
False
Is 47107886243 a prime number?
False
Is 10079466581 a composite number?
False
Is 57255787 a composite number?
False
Is 2943719489 prime?
True
Is 31549738855 a composite number?
True
Is 7193962933 a composite number?
False
Is 297780568091 a prime number?
True
Is 5892587 composite?
True
Is 666955903 composite?
False
Is 620460793 a prime number?
False
Is 36765389627 composite?
False
Is 42092459557 a composite number?
True
Is 63094078 a prime number?
False
Is 17961624391 a composite number?
False
Is 3241887667 prime?
False
Is 38468897 a prime number?
False
Is 709533299 prime?
True
Is 188348327 composite?
False
Is 3300708773 prime?
False
Is 1612689919 a prime number?
False
Is 2779111681 composite?
False
Is 205266192919 prime?
False
Is 27097352591 composite?
False
Is 99891674 a composite number?
True
Is 1106881921 a composite number?
False
Is 335585179 a composite number?
False
Is 8457379939 composite?
True
Is 11061329177 a prime number?
True
Is 3144896059 a composite number?
False
Is 4801800197 prime?
True
Is 6742542139 a composite number?
False
Is 542719171 a composite number?
True
Is 7228927159 prime?
False
Is 16764898561 a prime number?
True
Is 357541128995 a composite number?
True
Is 17175419369 prime?
True
Is 3427640417 a composite number?
True
Is 11403505571 a prime number?
True
Is 555016762 a prime number?
False
Is 7170645943 composite?
False
Is 927656943 a composite number?
True
Is 6176754733 prime?
True
Is 7562641189 a prime number?
False
Is 637984091 a composite number?
True
Is 129661570839 composite?
True
Is 10789621267 a composite number?
True
Is 1334912983 a prime number?
True
Is 14142089233 a prime number?
True
Is 266461633 a prime number?
True
Is 150257778823 a prime number?
True
Is 4039052869 a composite number?
False
Is 171979118 a composite number?
True
Is 21084899441 composite?
False
Is 91353737819 a composite number?
False
Is 141370016237 prime?
True
Is 4820288357 a composite number?
False
Is 24158624117 composite?
True
Is 20406353957 prime?
False
Is 28267577759 prime?
True
Is 255515633 prime?
True
Is 1294888207 a composite number?
False
Is 772009391 prime?
True
Is 91635191 a prime number?
True
Is 62596537 a prime number?
True
Is 501026203 composite?
False
Is 907497427 a prime number?
False
Is 1984368691 prime?
False
Is 31263029467 prime?
False
Is 2319218511 prime?
False
Is 123854506463 a composite number?
True
Is 37214388307 composite?
False
Is 63747899 a composite number?
False
Is 336918619 composite?
False
Is 81430619 a prime number?
False
Is 1440817491 prime?
False
Is 66104623181 prime?
False
Is 5400797957 composite?
False
Is 32754731797 prime?
True
Is 2231170463 a prime number?
False
Is 2717372737 a prime number?
True
Is 32775420607 a prime number?
False
Is 8122442101 a composite number?
False
Is 4918726291 composite?
False
Is 33655084519 composite?
True
Is 3729774431 composite?
False
Is 12705919385 a prime number?
False
Is 43302110639 composite?
False
Is 1835443513 prime?
False
Is 19012079363 prime?
True
Is 1286901739 composite?
False
Is 32021527 a prime number?
False
Is 9314389633 composite?
False
Is 266448927 prime?
False
Is 74890190301 prime?
False
Is 97957823 a composite number?
True
Is 38101579 composite?
False
Is 796130059 composite?
True
Is 311873378 a prime number?
False
Is 2824744787 a composite number?
False
Is 22442390699 prime?
False
Is 3160070099 prime?
False
Is 122048407001 prime?
True
Is 26435273393 prime?
False
Is 53308441369 composite?
False
Is 3068052787 a composite number?
False
Is 70849261 a prime number?
False
Is 536562709 composite?
False
Is 57843014017 composite?
False
Is 276781807 a composite number?
True
Is 49654756551 a composite number?
True
Is 58391903 prime?
True
Is 568222387 a composite number?
False
Is 231940721 a prime number?
True
Is 55535945 composite?
True
Is 9155301403 a prime number?
True
Is 1383038053 a composite number?
True
Is 10344174943 prime?
False
Is 609661354 prime?
False
Is 13658597543 prime?
True
Is 2383657498 prime?
False
Is 2874894343 prime?
False
Is 106856060923 prime?
False
Is 68843989 composite?
True
Is 4071093439 a prime number?
False
Is 107466973 a prime number?
True
Is 7304507597 composite?
True
Is 34461039053 a prime number?
False
Is 80430190877 prime?
True
Is 12548057959 a composite number?
True
Is 548066437 prime?
True
Is 541683635303 a prime number?
False
Is 357222919 prime?
True
Is 43059764227 prime?
False
Is 114593047213 prime?
True
Is 364745782919 a prime number?
False
Is 2381894159 a composite number?
False
Is 3357860929 a prime number?
False
Is 1825217319 composite?
True
Is 19617149 composite?
False
Is 13351168927 prime?
False
Is 731096881 prime?
True
Is 294029293 prime?
True
Is 48336133591 a prime number?
False
Is 20919148337 a composite number?
True
Is 468417559 a prime number?
False
Is 1650162169 a prime number?
True
Is 397427531 prime?
True
Is 503385767 composite?
False
Is 498129757 a composite number?
True
Is 22849258763 prime?
False
Is 2164116697 composite?
False
Is 36466561337 composite?
True
Is 64062840271 a composite number?
False
Is 41781554303 prime?
False
Is 112158187 prime?
True
Is 7506765329 a prime number?
False
Is 239796143 prime?
True
Is 609427471 composite?
False
Is 12803892383 prime?
True
Is 144901397 a composite number?
False
Is 230171309 a prime number?
True
Is 21530867 composite?
False
Is 6571617667 prime?
False
Is 27933976333 a composite number?
False
Is 7612134307 prime?
False
Is 4003291091 composite?
False
Is 4399046651 prime?
False
Is 4299172951 prime?
True
Is 2951559473 composite?
True
Is 8203300639 prime?
True
Is 2787458423 composite?
False
Is 60073015579 a composite number?
True
Is 13333217033 a prime number?
True
Is 2798080853 prime?
True
Is 159735347 prime?
True
Is 1712841433 composite?
True
Is 3203037493 composite?
False
Is 66964735567 a prime number?
True
Is 485362751 prime?
True
Is 64546504117 a prime number?
True
Is 1344164897 a prime number?
False
Is 61975261193 a composite number?
False
Is 1426694141 a composite number?
True
Is 151189013 prime?
True
Is 313980986629 a prime number?
False
Is 171792503 a composite numb